/((-7)/42). Suppose b*l + 3*x - 307 - 323 = 0, l + 2*x = 205. Is l composite?
True
Let p be (4/(-8))/(1/(-222)). Suppose v - p = -0*r - 4*r, 2*v - 274 = 5*r. Is v prime?
True
Let s be 6/(-8) - 906/8. Let l = 203 + s. Is l composite?
False
Let w = 5 - 11. Let q(y) = -y**3 + y**2 + y + 5. Is q(w) composite?
False
Let x = -58 + 392. Is x a composite number?
True
Let l(i) = 10*i**3 - 3*i - 1. Let d be l(3). Suppose -2*p - d = -4*u, 5*p = -u - u + 154. Is u a composite number?
False
Suppose -3*u - 15 = -3. Let a(v) = 2*v**2 - 1. Let f(m) = m**2 - 1. Let n(x) = 4*a(x) - 7*f(x). Is n(u) a prime number?
True
Suppose -b + 879 = 2*b. Is b a composite number?
False
Suppose 5*o - 16 = 3*u, 2*o = -5*u - 3 - 3. Let j be (15/12)/(o/8). Suppose 0*p + 2*p - 30 = -j*a, 5*p = 5*a + 40. Is p composite?
True
Let l(t) be the second derivative of -7*t**4/12 - t**3/3 - 3*t**2/2 + t. Let m be l(-3). Let d = m + 157. Is d a composite number?
False
Let m = -485 - -871. Suppose 2*j - 800 - m = 0. Is j a composite number?
False
Let l(h) = 2*h**2 - 3*h - 49. Is l(-16) prime?
False
Suppose 6*q - 945 = q. Let n = 10 + -7. Suppose n*h - 5*h = -x - q, 0 = -3*h + x + 282. Is h prime?
False
Let h(r) = 50*r**2 + 29*r**2 - 24*r**2. Is h(-1) prime?
False
Suppose -2*p - 6 = 58. Let b = p - -51. Is b a composite number?
False
Let f = -40 + 1. Let z = 1 - f. Let w = z + 19. Is w a composite number?
False
Suppose -6*b - 3*i + 9745 = -b, 5*b + 4*i = 9745. Is b prime?
True
Let f(y) = -29*y + 0 - 3 - 12*y + 7*y. Is f(-2) prime?
False
Suppose 3*j - 7*j - v + 209 = 0, 3*j = -v + 156. Suppose 2*m = -3*p + 159, 0*p + p = 5*m + j. Is p prime?
True
Let j = 16 + -15. Let o(b) = 214*b + 1. Is o(j) a composite number?
True
Suppose -348 = -5*p - o + 233, 0 = -2*p - 3*o + 235. Let x = 42 + p. Is x prime?
False
Let x(c) = 40*c**3 - 4*c**2 + 7. Is x(4) a prime number?
True
Let g(h) = -h**2 + h + 20. Let p be g(0). Let i = 64 + -35. Let z = i + p. Is z composite?
True
Let y(t) = -t**2 + 8*t + 5. Let o be y(9). Is o/3*174/(-4) a composite number?
True
Suppose 8*o = 5*o + 477. Is o prime?
False
Suppose 5*v - 185 = 4*v. Is v a composite number?
True
Let l be -58*(20/8)/(-5). Suppose 0 = 5*i - 486 + 146. Let f = l + i. Is f prime?
True
Suppose -4*o + 253 = 5*t, 3*o - o = 4*t - 192. Let h be (24/(-2))/(2 - 3). Let l = t - h. Is l a composite number?
False
Suppose -3*g + 2*j = -2707, -4*g + 0*j - j + 3624 = 0. Is g prime?
False
Let n be (-2)/(-3)*12/8. Suppose z - 11 = -n. Is 8/20 - (-126)/z a composite number?
False
Let v(f) = -f + 4. Let r be v(2). Suppose -r*o = -5*a + 269, -4*a + 183 + 52 = 5*o. Is a a prime number?
False
Let s(b) be the first derivative of b**3/3 - 5*b**2 + 11*b - 3. Let k be s(9). Suppose -4*l + 6 = k*h - h, 0 = -5*h - 2*l + 102. Is h composite?
True
Suppose 2*d = -2*z - 1 - 1, 3 = 2*z + d. Suppose -3*k + 3*u + 153 = -k, -2*u = -2*k + 150. Suppose 2*y - 128 = -y + 2*p, z*p = 2*y - k. Is y a composite number?
True
Let z be ((-39)/(-6))/(2/72). Suppose 0 = g + 2*g - z. Suppose 4*t + 336 = 4*c, 0 = -c + 4*t - t + g. Is c prime?
False
Suppose -225 - 730 = -5*s. Is s a composite number?
False
Suppose 3*c = -2*c + 3*s + 487, -295 = -3*c - s. Suppose 0 = -0*g + 2*g - c. Is g prime?
False
Let b(i) = 2*i - 10. Let a be b(7). Suppose -x + 39 = a*v, -21 - 11 = -3*x + 5*v. Is x composite?
False
Let c(l) be the first derivative of 13*l**2/2 - l + 3. Suppose -v = -3 - 3. Is c(v) a prime number?
False
Suppose 3*s - 534 = -2*o, 4*s - 1116 + 316 = -3*o. Suppose 0 = -3*v - 3*u + o, -5*v + 124 = -2*u - 309. Is v composite?
True
Is 1002/(-4)*10/(-15) prime?
True
Suppose 2*u + y - 21 = -2*u, 2*u + y = 13. Suppose o + u*l - 454 = 0, 2*o - 928 = -0*l - 3*l. Let a = o - 309. Is a a composite number?
True
Suppose 3*w = 6*w + 12. Is (66/4)/((-2)/w) a prime number?
False
Let x be (-4)/(-10) - (-2)/(-5). Suppose 3*p - 597 = 3*g, 3*p - 2*p = 4*g + 205. Suppose -4*f - 2*c + 256 = x, 4*c = 3*f + 3*c - p. Is f a prime number?
False
Let s(p) = p + 2. Let b be s(-6). Is 92/(-6)*6/b a prime number?
True
Suppose 0 = -i + 7*i - 3426. Is i a prime number?
True
Suppose -3*h + 18 + 39 = 0. Is h prime?
True
Let p(s) = -s**3 + 6*s**2 - 5*s + 5. Let m = 9 + -5. Let x be p(m). Let n = x - -20. Is n composite?
False
Let r = -25 - -27. Is (r/6)/((-2)/(-2694)) composite?
False
Suppose -c - 4*z + 14 = 0, 4*c + 2*z - 17 + 3 = 0. Suppose 7*p = -c*w + 3*p + 1154, 3*w - 2*p - 1771 = 0. Is w a prime number?
True
Suppose -972 = -3*j + 2*p - 295, -5*p = 5*j - 1170. Let t = j + -84. Is t composite?
True
Suppose 4*v = 5*m + 125, 0 = -3*v + 5*v - 4*m - 70. Suppose -2*x - 3*x - v = 0. Is x/10 - (-27)/2 prime?
True
Let w(h) = -1. Let t(o) = -2*o**2. Let j(x) = -t(x) + 3*w(x). Let f be j(-3). Suppose 0 = s - 2*d - f, d + 16 = 5*d. Is s a composite number?
False
Let x(i) = 3*i**3 - i**2 + i - 1. Let f be x(1). Suppose -2*d = -f*l + 68, 0 = 4*d + 4 - 16. Is l a composite number?
False
Let r(n) be the third derivative of -n**6/120 - 7*n**5/60 - 7*n**4/24 + n**3/2 - 2*n**2. Is r(-6) a composite number?
True
Suppose -m = 2*m - a + 63, 5*m + 105 = 2*a. Let o be (-1632)/m - 2/(-7). Suppose 0 = -4*x + 238 + o. Is x a prime number?
True
Let h(f) = 45*f + 27. Let r be h(10). Let l be (-22)/4 + (-1)/2. Is (2/l)/((-3)/r) a prime number?
True
Is 499/(4*1/28) composite?
True
Let o(i) = 115*i - 32*i + 4*i + 80*i. Is o(1) prime?
True
Let n be 10/4 - 6/12. Suppose 3 = -n*u + 7. Suppose u*y - 3*b = 55, -5*y + 4*b = -0*b - 155. Is y prime?
False
Let v be (-1)/((-36)/(-33) + -1). Let l(o) = o + 11. Let m be l(v). Suppose m*p = 5*p - 310. Is p prime?
False
Let j be 26*(435/(-6))/(-1). Suppose 3*y = -0*y + 12, -5*r - 5*y = -j. Is r a composite number?
False
Suppose 0 = 3*l + l - 452. Is (l/2 + 0)*2 a prime number?
True
Suppose -62 + 672 = 5*m. Is m a prime number?
False
Let o(j) be the third derivative of j**5/24 + j**3/3 - 2*j**2. Let m(t) be the first derivative of o(t). Is m(7) a prime number?
False
Let j be ((-30)/8)/(3/(-4)). Suppose -j*v = -v + 3*y - 235, 3*y = -3*v + 177. Is v a prime number?
False
Let u(m) = 3*m + 11. Suppose -4*q - 2*y + 40 = 0, 6*y - 2*y - 8 = 0. Is u(q) a prime number?
False
Let u(j) = j**2 + 5*j + 3. Let x be u(-5). Is 69 - (3 - (x + 0)) a composite number?
True
Let p(r) = 4*r**2 + 4*r + 1. Let h be 70/(-12) - (-3)/(-18). Let l = h - -3. Is p(l) a prime number?
False
Let k = -2861 + 11034. Is k composite?
True
Let u = -362 - -1107. Is u prime?
False
Suppose -2*v + 174 = -2. Let w = v + -41. Is w a composite number?
False
Let o(f) = 165*f + 8. Let v(h) = 164*h + 7. Let l(a) = 4*o(a) - 5*v(a). Is l(-2) a prime number?
True
Suppose -7*k - 12*k + 55841 = 0. Is k a prime number?
True
Let n be 0 - (2/1 - 4). Suppose 5*l - 4*v = 2*l + 79, 4*l = v + 114. Let u = l + n. Is u a composite number?
False
Suppose -r - 378 = -o, 3*o + 4*r - 1120 = -0*o. Suppose -19 = -4*a + 1, 3*v - a = o. Is v a composite number?
False
Suppose u - 5*u = 0. Suppose u = 2*l + 2*l - 2564. Is l a composite number?
False
Let v be 6/(-2) - 0 - -7. Suppose 2*r - 649 = -2*r + 5*y, -v*y = 4. Is r a prime number?
False
Suppose -y - 2*b + 21 = -31, 3*b + 174 = 3*y. Let p = -31 + y. Is p a prime number?
False
Suppose 3*d = 388 + 59. Is d prime?
True
Let h(y) = y**2 + y - 1. Let d be h(-2). Is (2922/3 + 3)/d a prime number?
True
Let t(m) = m**3 + 11*m**2 - 2. Let w be t(-5). Let z = -62 + w. Is z composite?
True
Is (-1660)/(-14) + 150/(-42) + 4 a prime number?
False
Let i(h) be the third derivative of h**5/15 + 3*h**4/8 + 7*h**3/6 + h**2. Let n = 10 - 16. Is i(n) a composite number?
False
Let l be (-9 + 12)*(-550)/6. Let n = l + 534. Is n a prime number?
False
Let f(s) = s + 1. Let u be f(-1). Suppose -3*i + 7*i + 4 = 0. Is (u/i + -11)*-5 a composite number?
True
Suppose -5*n + 104 = 3*p - 572, -p + 4*n = -231. Suppose 5*h - p + 72 = 0. Is h a prime number?
True
Let p = -5 - -8. Let j(x) = 25*x**3 + 2*x - 2. Is j(p) a composite number?
True
Suppose 0 = -5*x - 6*x + 1573. Is x a prime number?
False
Suppose 5*g = 5*b - 1 + 26, -4*b - 5 = g. Let f = 2 + 3. Suppose -f*p - 4*c + 467 = 0, g*p + 5*c + 105 = 4*p. Is p composite?
True
Suppose l - 3*j = 1, -3*l - 6*j - 23 = -2*j. Let p(s) = -2*s**3 - 8*s**2 - 3*s + 6. Let d be p(l). Let v = -24 + d. Is v prime?
True
Let k = 571 - 377. I